erivative of n**5/60 - n**4/12 + n**3/2 + n**2. Determine g(c).
3
Let p(c) be the second derivative of 0 - 3*c**2 - 3*c + 1/2*c**3. Calculate p(4).
6
Let k be (2/6)/((-2)/(-12)). Let w(y) = -y**k - y**2 - 6*y**2 - y**2. Calculate w(1).
-9
Let g be 1 + -1 - (-2 - 0). Let m be (-4)/(-10)*(g - -3). Suppose 2*h - m*l = 12, -4*l = 4*h - 0*l. Let f(o) = o**3 - 3*o**2 + 3*o + 1. What is f(h)?
10
Let x(b) = b. Suppose 25 = 6*f - f. Let t(l) = l**3 + 7*l**2 + 5*l - 2. Let r be t(-6). Let w(p) = -p. Let o(j) = f*x(j) + r*w(j). Determine o(1).
1
Let k be 13/3 + (-1)/3. Let g(p) = 2*p - 2*p + 2*p - 3. Give g(k).
5
Let m(l) be the third derivative of -3*l**2 - 1/6*l**3 - 5/24*l**4 + 0 + 0*l. Let b(p) = p - 2. Let z be b(3). Calculate m(z).
-6
Suppose m + 4*j = 43, 0*j + 101 = 3*m + 5*j. Suppose m = 4*y + 7. Let n(u) = u**2 - 7*u. Give n(y).
-10
Suppose -n - 2 = 4*c, -5*n + 5*c - 10 = -0*c. Let m(k) = 2*k**2 - 1. Determine m(n).
7
Let z be 2/(2/(-1)) - 1. Let m(d) = -d - 1. Let n be (-2)/(-5) + (-54)/10. Let y(r) = -4*r - 4. Let q(o) = n*m(o) + y(o). Give q(z).
-1
Let n(k) = -k**3 + 8*k**2 - 6*k - 1. Let h(c) = c. Let o(v) = -v**2 - v. Let z(x) = 2*h(x) + o(x). Let t(a) = -n(a) - 5*z(a). Calculate t(2).
-1
Let q(i) = 6*i**3 - i + 1. Suppose -5*v + 2*n - 10 = -3*n, -5*n + 20 = 0. Suppose 2*r - 4 = -v. Determine q(r).
6
Let x(n) be the first derivative of -n**4/4 + n**3 + n**2/2 - 4*n - 14. Calculate x(3).
-1
Let v be 6*((-3)/(-1) - 2). Let w(m) = 4*m - m**3 + 0 - v*m**2 + 4 + 4*m**2. Give w(-3).
1
Let i(m) = m - 4*m + 1 - 4 + 2. Let j(r) = r**2 + r + 7. Let t be j(0). Suppose t = 4*l + 3. Give i(l).
-4
Let f(j) = 7*j + 2. Let a(o) = 1. Let b(k) = -2*a(k) + f(k). Suppose 4*t = t + 21. Let z(c) = c**2 - 7*c - 1. Let h be z(t). Calculate b(h).
-7
Let m(g) be the third derivative of 17*g**5/60 + 5*g**4/24 - 5*g**3/6 - 4*g**2. Let l(f) = 6*f**2 + 2*f - 2. Let p(n) = 8*l(n) - 3*m(n). Give p(1).
-3
Let o(k) = 7 - k**2 + 5*k**2 - 10 + k**3. What is o(-4)?
-3
Let o(p) = 3*p - 2. Let l(s) = -4*s + 3. Suppose 0*z = -q - 5*z - 18, -4 = -4*q - z. Let x(f) = q*l(f) + 3*o(f). Let w = -36 - -39. What is x(w)?
3
Let r(m) = m**2 - 10*m - 5. Let u(s) = -5*s**2 + 40*s + 20. Let t(d) = 9*r(d) + 2*u(d). Suppose -9 = -4*j - 5*z, -4*j + 5*z = -24 + 65. What is t(j)?
19
Let t be 380/90 - 2/9. Let z(p) = p**2 - 6*p + 1. Give z(t).
-7
Let g(h) = -h**3 + 4*h - 6*h + h**2 + 0*h + 4*h**2. What is g(4)?
8
Let r(x) be the third derivative of -x**6/60 + x**5/30 + x**4/24 - x**3/3 - 2*x**2. Suppose 2*a = -3*z + 13, -3*a - 2*z + 5*z - 3 = 0. What is r(a)?
-8
Let m = 50 - 47. Let d(j) = -j - 1. What is d(m)?
-4
Suppose -9 - 3 = -2*s. Let h(v) = -7*v**3 + 7*v**2 - v - 1. Let l(k) = 6*k**3 - 7*k**2 + 2*k + 1. Let m(u) = -5*h(u) - 6*l(u). Determine m(s).
-7
Let s(q) be the third derivative of q**5/60 + q**4/4 + q**3 - 9*q**2. Give s(-6).
6
Let y(m) = 6*m - 8*m + 0*m - 6. Determine y(-4).
2
Let g(z) be the second derivative of -z**4/12 + z**3 + 3*z**2/2 - 3*z. Give g(5).
8
Let s(u) = -2*u**3 + 2*u**2 + 2*u - 1. Let g be (-2)/(-4)*(-4)/1. Let b be (2 - (-2 + 2))*g. Let j be (b/(-3))/(12/18). Give s(j).
-5
Let d(w) = w**2 + 6*w - 5. Let z be d(-7). Let s(k) = z - 5*k - 6*k**2 + 9*k**2 - 2*k**2. Determine s(4).
-2
Let k(m) = -13*m - 1. Let p(s) = 2*s**2 + 9*s + 5. Let r be p(-4). Determine k(r).
-14
Let p(r) = r**2 - 6*r + 5. Let f be p(6). Let t(d) = 3*d - 5*d - 2 + f*d**2 + 0 - d**3. Calculate t(4).
6
Let x(c) = c**3 - c**2 - 1. Let v(z) = 4*z**3 - 6*z**2 - 2*z - 3. Let i(p) = v(p) - 3*x(p). Calculate i(2).
-8
Let l(m) be the second derivative of -m**7/2520 - m**6/240 + m**5/60 + m**4/4 + m. Let p(c) be the third derivative of l(c). What is p(-3)?
2
Let i(q) = -3*q + 4. Let r = 23 + -23. Suppose r = 5*w, 5*g - w - 15 = 3*w. What is i(g)?
-5
Suppose -5*h + 2*h - 8 = j, -j = -4*h - 13. Let l(q) = -3*q + 3. Calculate l(h).
12
Let p be 23/(-1 - (-1 + -1)). Suppose m - 3 = -p. Let t be (-1 + -3)*m/(-16). Let v(w) = -w**2 - 5*w - 7. Give v(t).
-7
Let d(y) = -y + 13. Suppose 0 = 2*a + 2*a - 4, 4*t + 4*a = 32. What is d(t)?
6
Let r(l) be the second derivative of -1/8*l**4 + 0*l**2 - l + 0 + 1/3*l**3 + 1/60*l**5. Let p(q) be the second derivative of r(q). What is p(2)?
1
Let j(l) be the third derivative of l**8/20160 + l**7/630 + l**6/80 + l**5/12 - 6*l**2. Let p(r) be the third derivative of j(r). Give p(-6).
-3
Let i(d) = 2*d + 1 - d - 2 + 2*d**2. Let w(n) = -n - 2. Let s be w(-2). Let g be -3 + (s - -1) - 0. Give i(g).
5
Let d(j) = -2*j + 3. Let w(p) = 5*p**3 + 2*p**2 - 1. Let k be w(1). Calculate d(k).
-9
Let a = 14 + -11. Let d(w) = w**3 + w. Let o(m) = -m**3 + m**2 + m. Let v(h) = -d(h) - 2*o(h). Determine v(a).
0
Let i(k) be the third derivative of 0 + 0*k + 1/24*k**4 - 1/40*k**6 + 1/3*k**3 + 8*k**2 - 1/20*k**5. Determine i(-2).
12
Let i(d) = -5*d**2 - 7*d + 10. Let z(q) = -9*q**2 - 14*q + 19. Let y(p) = 11*i(p) - 6*z(p). Let w(f) = -6*f**3 + 2*f + 1. Let m be w(-1). What is y(m)?
6
Let m(f) = -18*f**3 - f**2 + 2*f - 1. Let d = 188 + -187. Give m(d).
-18
Let a(l) = l**3 - 2*l**2 + 2*l - 2. Let i(g) = g**3 - 7*g**2 + g - 7. Let q be i(7). Let p = 15 - q. Let z be 24/p + (-6)/(-15). What is a(z)?
2
Let q(t) = t**3 - t**2 + t + 2. Let r be q(0). Let b(o) = -4*o + o**3 + 0*o - 3*o + r*o - 4*o**2 + 3. What is b(5)?
3
Let n(y) = -10*y**2 + 3*y - 2. Let w be n(1). Let x(j) = j**2 + 8*j - 8. Let l be x(w). Let h(a) = 2*a**3 - 2*a**2 + 5*a**3 - a + 4*a**2. What is h(l)?
8
Let w(q) be the first derivative of q**6/180 + q**5/40 - q**4/6 + 7*q**3/3 - 6. Let z(n) be the third derivative of w(n). Give z(-3).
5
Let n(i) = -2*i**2 - 5*i + 1. Let h(c) = -c**2 + 4*c + 1. Let y be h(5). Calculate n(y).
-11
Let l(s) = -s - 5. Let d(o) = 2*o + 9. Let a(j) = 3*d(j) + 5*l(j). Let i = -315 - -312. Give a(i).
-1
Let p(d) be the third derivative of -d**6/120 - d**5/30 + d**4/12 - d**3/6 - 7*d**2. Give p(1).
-2
Let n(p) = p - 3. Let o be (-4)/((-2 - -1)*2). Suppose -o*k + 15 = t + k, -5*k + 20 = 0. What is n(t)?
0
Suppose 0*h + 27 = -3*h. Let t be (-4)/(-6) + 6/h. Let v(y) be the first derivative of -y**3/3 + y**2/2 + 2*y - 1. Determine v(t).
2
Let l(r) = r**3 - r**2 + 8. Let n(d) = -d + 14. Let v be n(14). Calculate l(v).
8
Let o(i) = 2*i**3 - i + 1. Let w = 2 + -1. Calculate o(w).
2
Let g(n) = -7*n**2 - 5*n + 9. Let y(p) = -p**2 - p + 1. Let l(d) = -g(d) + 6*y(d). What is l(3)?
3
Let b(x) be the second derivative of x**4/12 - 5*x**3/6 + 3*x**2 - 2*x. Let r(j) = -j**3 + 10*j**2 - j + 14. Let t be r(10). Calculate b(t).
2
Let h(r) = 2*r - 5. Suppose m + 5*t - 2 = -22, -20 = -3*m + t. Let p(u) = 3*u + u - u**2 + m - 1. Let a be p(4). What is h(a)?
3
Let r(x) = x**2 - 4*x - 6. Let z = 1 + -3. Let j be 5 - -1*z/2. Suppose -5*d = j*k - 15, 0 = 2*d + 2. What is r(k)?
-1
Let d(h) be the third derivative of h**6/60 - h**5/60 - h**4/24 + h**3/6 - 4*h**2. Determine d(1).
1
Let d = 11 - 5. Let s(p) = -p**3 + p + 0*p**3 + 2 - p**2 + d. Suppose 5*b = 2*b. Determine s(b).
8
Suppose 5*r = -6 - 29. Let g = 12 + r. Suppose g*q + t + 2 = 2*t, -5*t - 18 = 3*q. Let c(v) = 2*v**3 + 2*v + 1. Give c(q).
-3
Suppose 0 = 5*i + 10 - 35. Let o(k) = -k**2 + 2*k + 4. Calculate o(i).
-11
Let c be -2 + 8 + -2 + -2. Suppose j = -c*j. Let h = -4 - j. Let x(g) = -g + 2. Give x(h).
6
Let i(a) = -5*a. Let h(d) = -d**2 + 2*d + 0*d + 4*d + 2. Let v be h(6). Suppose 0 - v = -2*w. What is i(w)?
-5
Let l be 6 + -1*(-12)/(-3). Suppose -4 = k - l*i - 2, k - 5*i - 4 = 0. Let j(p) = p - 1. Determine j(k).
-7
Let q(m) be the first derivative of m**3/3 + 5*m**2/2 - 7*m + 1. Let n(r) = -8*r**3 - 2*r - 1. Let w be n(-1). Let c = 4 - w. Determine q(c).
-7
Let b be 3/2 - 21/6. Let v(c) be the first derivative of -c**4/4 - c**3 - 2*c**2 - 2*c + 1. Calculate v(b).
2
Let y(g) be the third derivative of 2/15*g**5 + 0*g + 0*g**4 + 0 + 1/6*g**3 - 4*g**2. Calculate y(1).
9
Let l(c) = -c**3 + 2*c**2 + 3*c - 1. Suppose -2*r - 1 = -7. Determine l(r).
-1
Let c(r) = r**2 + 5*r - 3. Let g = 0 + -12. Let d = -16 - g. What is c(d)?
-7
Suppose 3*f - 6 = 9. Let l(d) = 167 - 59 + 7*d - 61 - d**2 - 51. Give l(f).
6
Let x(k) = -19*k + 9*k + 6 + 11*k. Give x(-6).
0
Let n(m) be the second derivative of -8*m**3/3 + 10*m. Calculate n(1).
-16
Let h be (1 - -2)/(12/16). Let t(v) = v - 7. What is t